5. What is the tens digit of h?
8
Let h = 121 - -21. What is the hundreds digit of h?
1
Suppose 5*w + 488 - 105 = 3*q, 2*q = 2*w + 254. What is the units digit of q?
6
Suppose -10 = 3*c + 5*g, 0 = -2*c - 3*g + 2 - 10. Let w be (-450)/4 - (-15)/c. Let y = -56 - w. What is the units digit of y?
8
Let q = -410 + 1186. What is the tens digit of q?
7
Suppose -9*h + 13*h = 2212. Suppose -19*s + 12*s = -h. What is the units digit of s?
9
Let w be (14 - 2)/(4/(-10)). Let r = w + 55. What is the tens digit of r?
2
Suppose c - 15 = 4*z, 2*z + 3*z = 5*c - 30. Suppose -3*d + 79 = 2*i + 2*i, -c*d + 4*i = -95. Let r = 78 - d. What is the tens digit of r?
4
Let x = 1303 + -749. What is the hundreds digit of x?
5
Suppose 9*v = 7701 + 6978. What is the units digit of v?
1
Suppose 16*w = 11*w. Let j(v) = v**3 + 2*v**2 + v + 1. Let x be j(-2). What is the units digit of (-70)/(w - 2) - x?
6
Suppose -9*h + 30*h - 54810 = 0. What is the thousands digit of h?
2
Let n(m) = -m**2 + 54*m + 59. What is the tens digit of n(36)?
0
Let i = 41 - 26. Let l = -12 + i. What is the units digit of l?
3
Suppose 123*r - 132*r + 3222 = 0. What is the units digit of r?
8
Let i(s) = 157*s - 11. What is the hundreds digit of i(7)?
0
Let f(p) = 5*p + 14. Let k be f(12). Suppose 5*g = y - 13, g = -2*y - g + k. What is the units digit of y?
3
Suppose 7*u - 30 = -135. What is the units digit of -4 + (545/u)/(3/(-9))?
5
Let k(u) = u. Let x be k(4). Suppose -16 = -0*h - x*h. Suppose -4*o + 4 = 0, h*i + 5*o = -0*i + 161. What is the tens digit of i?
3
Suppose 4*w + 14 = 4*o + 2, 5*w - 2*o + 6 = 0. Let s(g) = -g**3 - 2*g - 1. Let n be s(-1). Suppose w = -n*d + 93 + 61. What is the tens digit of d?
7
Let r = 13 + -12. What is the units digit of r/(-2 - -6)*388?
7
Suppose -2*h + 390 = 4*z, 3*z - 5*z + 5*h = -225. Suppose -4*s + 4*p + 32 = 0, -2 = -5*s + s - 2*p. Suppose -s*w + w = -z. What is the units digit of w?
0
Let v(t) = t**2 - 6*t - 6. Let w be ((-1)/(-2))/((-4)/56). Let x be v(w). Let a = -26 + x. What is the units digit of a?
9
Suppose -15*s = -17*s + 3356. What is the thousands digit of s?
1
Suppose 0 = -450*k + 444*k + 3576. What is the hundreds digit of k?
5
Suppose 0*x + 10 = 5*a - 3*x, 0 = -4*a - 4*x + 8. Let l be (-72)/9 - 2/a. What is the units digit of -2 + 2 - 0 - l?
9
Suppose -5*k = -637 - 1103. What is the hundreds digit of k?
3
Suppose -14*t + 10*t - 4 = 0. What is the units digit of -252*2/(4/t)?
6
Let i = -688 - -1482. What is the tens digit of i?
9
Let s(c) be the first derivative of -c**4/12 + 4*c**3/3 - c**2 + 4*c + 6. Let q(v) be the first derivative of s(v). What is the units digit of q(6)?
0
Let k(q) = 1733*q**2 + q - 1. What is the units digit of k(-1)?
1
Let h(m) = -m**2 + 8*m + 2. Let y be h(8). Suppose y*d - 2 = 6. Suppose -d*u = 5*o - 0*o - 19, -4*u + 4 = 0. What is the units digit of o?
3
Let y = -191 + 466. Suppose 5*o = -w + y, w - 10 = 3*w. What is the units digit of o?
6
Let u(f) be the second derivative of f**4/12 - 2*f**3/3 + f**2/2 + f. Let w be u(7). Suppose 0*j - w = -j. What is the units digit of j?
2
Suppose 0*a + 40 = -2*a. What is the units digit of (-3)/(-4) + 4 + (-925)/a?
1
What is the hundreds digit of (0 - (-24)/(-4)) + 10035/9?
1
Suppose 19 = -c + 2*c + t, 3*t = -4*c + 72. Let v be (10/6)/((-5)/c). What is the units digit of (-3)/v - 48/(-20)?
3
Let t be (-2 + 22/4)*4. Let b = -1 + t. Let r = 23 - b. What is the tens digit of r?
1
Suppose -16724 - 116794 = -77*h. What is the thousands digit of h?
1
Suppose 10 + 5 = 3*a. Let m = a - -1. Let i = m - -5. What is the units digit of i?
1
What is the tens digit of (-18)/(-36)*(-2 - -4) + 618?
1
Let l(n) = 22*n + 22*n + 1 + 9*n**2 - 46*n. Suppose -h = 3*h - 8. What is the units digit of l(h)?
3
Let a = -10 - -8. Let g be (-972)/(-30) + a/5. Suppose 0 = 2*n - 3*n + 4*x + g, 5*n - 112 = -4*x. What is the units digit of n?
4
Suppose 48 + 12 = -4*g. Let f = g - -9. What is the tens digit of ((-22)/f + -3)*36?
2
Suppose -6 = -5*y + 4*y. Let g be y/(2*4/(-8)). Let c = g + 14. What is the units digit of c?
8
Suppose -4*g + 30 = -g. Let n = -12 + g. What is the units digit of -23*-1*(n - -3)?
3
Let t = -12 + 916. What is the hundreds digit of t?
9
Suppose -c + 3 = -3. Suppose 0*l - 78 = -c*l. What is the tens digit of l?
1
What is the units digit of (-8 - -128)/(11/8 - 1)?
0
Suppose -3*g + 854 = 251. Let a = -118 + g. What is the tens digit of a?
8
Suppose 0 = 5*p - 5*z + 135, 3*p + 5*z - 11 + 84 = 0. Let i = -37 - p. Let t = 11 - i. What is the tens digit of t?
2
Let m(x) = -10*x - 1. Let g be 3/7 + (-30)/21. What is the units digit of m(g)?
9
Suppose -25*n - 2073 + 13673 = 0. What is the units digit of n?
4
Let w(b) = -b**3 + 13*b**2 + 12*b - 14. What is the tens digit of w(11)?
6
Let l(m) = 6*m**2 - 99*m + 9. What is the units digit of l(32)?
5
Let v = 530 + -78. What is the units digit of v?
2
Suppose -4*l - 13 - 6 = -3*r, 0 = -5*r + 4*l + 29. Suppose 267 = 5*t + o + 39, -r*o = 5*t - 240. What is the units digit of t?
5
Let d(n) = -8*n**2 + 5*n - 13. Let y(a) = 32*a**2 - 19*a + 53. Let l(o) = -9*d(o) - 2*y(o). What is the units digit of l(3)?
2
Suppose -s = -388 - 624. What is the hundreds digit of s?
0
Let z(r) = 768*r**2 + 7*r + 1. What is the tens digit of z(-1)?
6
Let q = 141 - 385. What is the tens digit of 21/14*q/(-6)?
6
Suppose -4*k - 9 = -2*k + 5*a, k + 2*a = -3. Suppose 4*y + 5*w = 402, -16 = 2*y + k*w - 218. Let u = y + -62. What is the units digit of u?
6
Let v = -2540 - -3898. What is the units digit of v?
8
Suppose 0 = -2*j - 4*d + 8, -8*j + 3*j + d = -20. Suppose 0 = 5*q + 5*l - 25, 4*q - 2 = l + j*l. What is the tens digit of 18 + 2/(-2) - q?
1
Let d(s) = s**3 + 13*s**2 + 13*s + 15. Let h be d(-12). Suppose -5*m = 4*r + 11, h*r - 2*m = -r - 46. Let a = r - -15. What is the units digit of a?
6
Let k(t) = 2*t**2 + 26*t + 359. What is the hundreds digit of k(0)?
3
Let t = 0 + 0. Let v(i) = 10*i**2 + 5*i + 5. Let s be v(-2). Suppose -s = -k - t*k. What is the tens digit of k?
3
Let j(p) = -p**2 + 6*p - 4. Let x be j(5). Let c be 45/6 - x/2. What is the tens digit of c*(-1 + (3 - -1))?
2
Let q be (-1 - (-2010)/(-54)) + 2/9. Let f = q + 164. What is the tens digit of f?
2
What is the tens digit of (-1)/(2/(-358)) - (4 + -1)?
7
Let z = 1712 + -990. What is the units digit of z?
2
Let w = -18 + 18. Suppose -7 = -u - w. What is the units digit of u?
7
Let n(u) = -u**3 - 10*u**2 + u. Let w be n(-10). Let z(g) = g**3 + 8*g**2 - 23*g + 4. What is the units digit of z(w)?
4
Suppose -u - 3 = -6. Suppose 4*x - 94 = -r + u*x, 5*r + 4*x = 474. What is the tens digit of r?
9
Let d(p) = 5*p**2 - 6*p + 4. Let l be d(9). Let y = -208 + l. What is the tens digit of y?
4
Suppose 24 = 5*l + l. Suppose -36 = -4*t - l. What is the units digit of t?
8
What is the tens digit of ((-92)/207 - (-10196)/18) + 2?
6
What is the units digit of 4/(-54) + (-8494)/(-1674)?
5
Let l = -587 - -315. Let f = l + 600. What is the tens digit of f?
2
Let z be (4 + -1)/(5/((-20)/(-6))). Suppose -4*f = 16, 4*f + 48 = 2*a + z*a. What is the units digit of a?
8
What is the tens digit of -1*(-68)/4*4?
6
Suppose -d = n - 606, 4*n = 5*d + 6*n - 3030. What is the hundreds digit of d?
6
Suppose 3*s - 21 = -6*j + j, 0 = 5*j. Suppose -s - 31 = -a. What is the tens digit of a?
3
Let z = 18 + -20. Let y(a) = -3*a**3 + 2*a**2 - 3*a - 3. What is the units digit of y(z)?
5
Let f(l) = 63*l - 394. What is the hundreds digit of f(8)?
1
Let s(m) = m**3 - 2*m**2 - 3*m + 3. Let i be s(3). Let u be 0*4/24*i. Suppose 5*o + n - 199 = u, -6*o - 3*n + 207 = -o. What is the tens digit of o?
3
Let i = -28 + 27. Let l be (-8)/(10/215*i). Suppose 5*f = f + l. What is the tens digit of f?
4
Suppose -167*m + 65439 = -134*m. What is the units digit of m?
3
Let i(t) be the first derivative of 8/3*t**3 - 4*t**2 - 7 + 1/4*t**4 + 12*t. What is the units digit of i(-9)?
3
Let x = 142 - -303. Suppose -2*w - 3*w = -x. What is the tens digit of w?
8
Suppose 23504 = 7*i + 19*i. What is the tens digit of i?
0
Suppose -g + 8*v - 4*v - 48 = 0, -2*v + 186 = -5*g. What is the units digit of (2/(-6))/(2/g)?
6
Let r(x) = -5*x. Let l be r(3). Suppose -s + 4*o - 17 = -32, 4*o = -5*s + 123. Let h = l + s. What is the units digit of h?
8
Let b = 48 - 1. What is the units digit o